st common divisor of 2 and 59.
1
Calculate the highest common factor of 1859 and 11.
11
Calculate the greatest common factor of 5244 and 570.
114
Calculate the greatest common factor of 13 and 6.
1
Calculate the greatest common factor of 16986 and 456.
114
What is the highest common divisor of 153 and 279?
9
Calculate the greatest common factor of 3144 and 60.
12
What is the highest common divisor of 182 and 377?
13
What is the highest common factor of 77 and 22?
11
Calculate the greatest common divisor of 17 and 425.
17
Calculate the highest common divisor of 616 and 4088.
56
Calculate the highest common divisor of 88 and 104.
8
Calculate the highest common factor of 48 and 11052.
12
What is the greatest common factor of 375 and 1750?
125
What is the greatest common divisor of 420 and 180?
60
Calculate the greatest common factor of 48 and 252.
12
Calculate the greatest common factor of 245 and 140.
35
Calculate the greatest common divisor of 25 and 55.
5
What is the greatest common factor of 308 and 140?
28
Calculate the highest common factor of 64 and 1176.
8
What is the greatest common divisor of 4504 and 8?
8
What is the greatest common divisor of 4 and 4?
4
What is the highest common divisor of 33 and 22?
11
What is the highest common divisor of 28 and 1708?
28
What is the greatest common divisor of 36711 and 9?
9
Calculate the highest common divisor of 8 and 1364.
4
Calculate the highest common divisor of 88 and 924.
44
What is the greatest common divisor of 101189 and 11?
11
Calculate the highest common factor of 55 and 341.
11
What is the greatest common divisor of 34 and 17?
17
Calculate the greatest common divisor of 2574 and 144.
18
Calculate the greatest common divisor of 12988 and 17.
17
Calculate the greatest common divisor of 30 and 705.
15
What is the greatest common factor of 88 and 64?
8
What is the greatest common factor of 34 and 170?
34
What is the highest common divisor of 237 and 2?
1
Calculate the greatest common factor of 132 and 228.
12
Calculate the greatest common factor of 2303 and 47.
47
Calculate the greatest common factor of 153 and 54.
9
Calculate the greatest common factor of 26 and 9.
1
What is the highest common factor of 1716 and 13?
13
What is the greatest common factor of 42 and 30?
6
What is the greatest common factor of 402 and 268?
134
Calculate the greatest common factor of 396 and 1023.
33
What is the greatest common divisor of 700 and 60?
20
What is the greatest common factor of 906 and 198?
6
Calculate the greatest common factor of 102 and 119.
17
What is the highest common factor of 15 and 245?
5
Calculate the highest common factor of 184 and 506.
46
What is the highest common divisor of 1972 and 136?
68
Calculate the highest common factor of 3872 and 20.
4
What is the greatest common factor of 228 and 304?
76
What is the highest common factor of 1876 and 56?
28
What is the greatest common divisor of 72 and 3624?
24
What is the highest common factor of 903 and 147?
21
What is the greatest common factor of 471 and 7379?
157
Calculate the highest common divisor of 1173 and 69.
69
Calculate the highest common divisor of 2882 and 1572.
262
What is the highest common divisor of 5390 and 660?
110
Calculate the highest common divisor of 244 and 4.
4
Calculate the highest common factor of 90 and 2600.
10
What is the highest common divisor of 667 and 116?
29
Calculate the highest common factor of 105 and 175.
35
What is the greatest common factor of 465 and 186?
93
What is the highest common divisor of 93 and 4371?
93
Calculate the greatest common divisor of 8 and 24.
8
Calculate the highest common factor of 493 and 29.
29
What is the highest common factor of 126 and 105?
21
Calculate the highest common factor of 357 and 147.
21
Calculate the greatest common divisor of 90 and 2550.
30
What is the greatest common divisor of 80 and 120?
40
What is the greatest common factor of 195 and 10?
5
What is the greatest common divisor of 504 and 315?
63
Calculate the highest common factor of 5837 and 13.
13
What is the highest common factor of 6 and 177?
3
What is the highest common factor of 17 and 5389?
17
What is the highest common divisor of 10 and 90?
10
Calculate the greatest common factor of 2112 and 220.
44
Calculate the highest common factor of 32 and 31968.
32
What is the highest common factor of 3007 and 31?
31
What is the greatest common factor of 39 and 25103?
13
Calculate the highest common factor of 216 and 456.
24
Calculate the highest common factor of 860 and 2795.
215
Calculate the highest common factor of 45 and 51660.
45
What is the highest common factor of 268 and 670?
134
Calculate the greatest common factor of 855 and 8835.
285
What is the highest common divisor of 54 and 306?
18
Calculate the greatest common divisor of 120 and 8310.
30
What is the greatest common factor of 33 and 759?
33
What is the greatest common factor of 170 and 35?
5
Calculate the highest common factor of 3914 and 38.
38
Calculate the greatest common divisor of 9809 and 51.
17
What is the greatest common divisor of 7222 and 46?
46
Calculate the greatest common factor of 224 and 14.
14
Calculate the highest common divisor of 56 and 512.
8
Calculate the highest common factor of 549 and 9.
9
What is the highest common divisor of 42 and 3486?
42
What is the greatest common divisor of 119 and 442?
17
What is the highest common factor of 274 and 2329?
137
Calculate the highest common divisor of 2370 and 30.
30
What is the highest common factor of 272 and 51?
17
What is the highest common factor of 10 and 590?
10
What is the highest common factor of 5 and 805?
5
What is the highest common divisor of 253 and 16698?
253
Calculate the greatest common factor of 91 and 325.
13
What is the greatest common divisor of 1404 and 72?
36
Calculate the greatest common factor of 600 and 432.
24
What is the greatest common divisor of 1260 and 42?
42
What is the greatest common factor of 928 and 29?
29
What is the greatest common factor of 28 and 181?
1
What is the highest common factor of 232 and 2958?
58
Calculate the highest common factor of 40 and 8.
8
Calculate the greatest common factor of 285 and 7353.
57
What is the highest common divisor of 95 and 855?
95
What is the greatest common divisor of 171 and 3249?
171
What is the greatest common divisor of 60 and 1740?
60
What is the highest common factor of 4920 and 60?
60
What is the highest common factor of 1146 and 6?
6
What is the greatest common factor of 704 and 2222?
22
Calculate the highest common divisor of 22 and 4246.
22
Calculate the greatest common factor of 272 and 340.
68
Calculate the highest common factor of 3 and 240.
3
Calculate the greatest common divisor of 4 and 1244.
4
What is the highest common divisor of 270 and 170?
10
What is the highest common divisor of 784 and 224?
112
Calculate the highest common factor of 744 and 40548.
372
Calculate the highest common divisor of 1581 and 34.
17
What is the highest common factor of 110 and 8195?
55
What is the greatest common factor of 38 and 5434?
38
Calculate the highest common factor of 117 and 143.
13
Calculate the highest common factor of 572 and 39.
13
Calculate the greatest common divisor of 816 and 102.
102
Calculate the greatest common factor of 81 and 27.
27
What is the greatest common factor of 65 and 169?
13
What is the greatest common factor of 18 and 114?
6
Calculate the highest common factor of 665 and 1425.
95
What is the greatest common divisor of 120 and 7776?
24
Calculate the highest common factor of 8 and 704.
8
What is the highest common factor of 42 and 35?
7
What is the greatest common factor of 39 and 65?
13
Calculate the highest common factor of 71 and 13703.
71
What is the highest common divisor of 256 and 1472?
64
Calculate the greatest common factor of 11937 and 69.
69
Calculate the highest common factor of 63 and 7191.
9
Calculate the greatest common divisor of 4280 and 4.
4
What is the highest common factor of 35391 and 705?
141
What is the greatest common factor of 8 and 12?
4
What is the highest common factor of 15411 and 33?
33
What is the highest common factor of 512 and 1?
1
What is the highest common factor of 184 and 120?
8
Calculate the highest common factor of 516 and 204.
12
What is